, what is -10114 + 112210?
102041
In base 10, what is 36541 + -25?
36516
In base 10, what is -1602 + -28?
-1630
In base 6, what is 2434 - -1110?
3544
In base 2, what is 1 - -1010100011111100?
1010100011111101
In base 5, what is -20323 - 11?
-20334
In base 16, what is 5be + -c9?
4f5
In base 6, what is 145 + 153?
342
In base 8, what is -54 - -553?
477
In base 5, what is 2034 - 3003?
-414
In base 7, what is 0 + -154241?
-154241
In base 3, what is -2011022 - 100111?
-2111210
In base 10, what is -3 - 761052?
-761055
In base 5, what is 1 - -1123043?
1123044
In base 10, what is -272 - 585?
-857
In base 11, what is -80 + 59?
-22
In base 12, what is -74 - 13b6?
-146a
In base 13, what is -7102 + 60?
-7072
In base 12, what is -4 - -248?
244
In base 6, what is -154522430 - 3?
-154522433
In base 4, what is -123 - -20333?
20210
In base 13, what is -17c - -c?
-170
In base 6, what is -1 + 3050122?
3050121
In base 5, what is 12444 + -2?
12442
In base 15, what is 2 + -1940?
-193d
In base 13, what is -177 + -95?
-23c
In base 12, what is -8329 - -7?
-8322
In base 5, what is 4 + -104322?
-104313
In base 9, what is 185137 - -3?
185141
In base 14, what is 255 + 29?
280
In base 10, what is -101574 + -3?
-101577
In base 14, what is -2a93 + -29?
-2abc
In base 6, what is 3035 + -1322?
1313
In base 10, what is -17 - -881?
864
In base 4, what is 202 + 1020?
1222
In base 14, what is 5 + 179a?
17a1
In base 12, what is 1b + -12ab5a?
-12ab3b
In base 3, what is 11 + -11102012010?
-11102011222
In base 3, what is 22122222 + 210121?
100110120
In base 4, what is -11320231 - -210?
-11320021
In base 16, what is 5f + b58?
bb7
In base 10, what is -8057 + 15?
-8042
In base 6, what is -100 + -104415?
-104515
In base 4, what is -1 + -21221322?
-21221323
In base 9, what is -8 - 206810?
-206818
In base 9, what is -31153 + 43?
-31110
In base 10, what is -423432 + -1?
-423433
In base 15, what is -4c7e3 + -e?
-4c802
In base 4, what is 2212 + -20122?
-11310
In base 6, what is 20 - -102404?
102424
In base 2, what is 1110011 + 10010000010?
10011110101
In base 3, what is 1110202200011 - -11?
1110202200022
In base 9, what is -842 + 13?
-828
In base 16, what is 2de9 - -3?
2dec
In base 7, what is -5504 - 603?
-6410
In base 15, what is -4a + -50a?
-555
In base 15, what is -1 - ea9e?
-eaa0
In base 5, what is 111314 - 10?
111304
In base 15, what is 458 + -1138?
-bd0
In base 5, what is -3 + -1131003?
-1131011
In base 8, what is -4 + 35226?
35222
In base 11, what is 625 + 52?
677
In base 16, what is 1ed0b - 5?
1ed06
In base 4, what is 1012003303 - 2?
1012003301
In base 7, what is 5 - 356120?
-356112
In base 3, what is 2 + -2000202001?
-2000201222
In base 3, what is -10 + 1210102221?
1210102211
In base 15, what is 114b - 13?
1138
In base 8, what is -1367 + -455?
-2044
In base 14, what is 3 - 9cc1?
-9cbc
In base 11, what is 3 - -8449a?
844a2
In base 4, what is -1203231120 + 2?
-1203231112
In base 15, what is 45 - -c74?
cb9
In base 11, what is -28 - 3467?
-3494
In base 7, what is -10164541 - -1?
-10164540
In base 16, what is 20 + b8b?
bab
In base 11, what is -8498 - -24?
-8474
In base 5, what is -123 + -1100?
-1223
In base 4, what is 31 - -2021033?
2021130
In base 10, what is -7721 - 0?
-7721
In base 8, what is 4 + -1217626?
-1217622
In base 4, what is -3120 - -312123?
303003
In base 10, what is -146642 - -16?
-146626
In base 12, what is -115a3 + 0?
-115a3
In base 16, what is -b7 + -e10?
-ec7
In base 10, what is -1 - -126689?
126688
In base 3, what is 120 - -21200221220?
21200222110
In base 7, what is 265641 - 3?
265635
In base 6, what is -34422125 - 4?
-34422133
In base 3, what is 100120010100 - -2?
100120010102
In base 7, what is 25 - -142?
200
In base 8, what is -4673 + -1541?
-6434
In base 13, what is 6c - -934?
9a3
In base 3, what is 1110011 - 10?
1110001
In base 16, what is 0 - bceb?
-bceb
In base 3, what is 12 - -1212210002010?
1212210002022
In base 7, what is -1 + -35554?
-35555
In base 5, what is 410333103 + 3?
410333111
In base 15, what is 0 - -8e484?
8e484
In base 7, what is -501166 + -5?
-501204
In base 8, what is -421721 - -3?
-421716
In base 6, what is 31 + 221144?
221215
In base 15, what is 50 + 326?
376
In base 13, what is 1 - -b68c2?
b68c3
In base 14, what is -4 - -43a?
436
In base 10, what is -2 - -69146?
69144
In base 6, what is -5 + -1302112?
-1302121
In base 8, what is -5 + -17151?
-17156
In base 3, what is -1021122120010 - 1?
-1021122120011
In base 11, what is 5 + -67999?
-67994
In base 4, what is 2 + -12022132?
-12022130
In base 9, what is -22 + 4306?
4274
In base 4, what is -1201 + -212?
-2013
In base 15, what is e5a5 - 2?
e5a3
In base 6, what is 1 - 30341052?
-30341051
In base 14, what is -1120d + -2?
-11211
In base 5, what is -1410414 + -10?
-1410424
In base 5, what is -430100340 - 1?
-430100341
In base 16, what is 55 + -1a?
3b
In base 5, what is 34434421 + 3?
34434424
In base 4, what is -103 + -1311300?
-1312003
In base 15, what is -985669 + -4?
-98566d
In base 14, what is 6c8 + -9?
6bd
In base 10, what is 16056 - 10?
16046
In base 5, what is -14 - -10434300?
10434231
In base 15, what is b + -8d89d?
-8d892
In base 14, what is -4724 + 3?
-4721
In base 3, what is 2112221012 - -11?
2112221100
In base 13, what is -42097 + -4?
-4209b
In base 11, what is -580 + 418?
-163
In base 3, what is 1020211 + 201210?
1222121
In base 13, what is -16 + -64a18?
-64a31
In base 10, what is 604 - 53?
551
In base 6, what is -3 - 30201?
-30204
In base 15, what is 19 + -70ee?
-70d5
In base 9, what is -286315 + 8?
-286306
In base 4, what is 1 - -322021?
322022
In base 2, what is 101 + -10111011100011?
-10111011011110
In base 3, what is 102102121 + 1010?
102110201
In base 14, what is -1 - -3293?
3292
In base 14, what is -5b59 + -3?
-5b5c
In base 6, what is -420320 - 3?
-420323
In base 7, what is 4 + -22326?
-22322
In base 12, what is 3 - -727b75?
727b78
In base 4, what is -2123332 - -2?
-2123330
In base 2, what is 0 - 100001101001101?
-100001101001101
In base 13, what is -a737 + 0?
-a737
In base 13, what is ac - 2b?
81
In base 16, what is 52dcf - 4?
52dcb
In base 9, what is -3826 + 127?
-3688
In base 4, what is 3201212 - 331?
3200221
In base 2, what is 1 + 100110011110101?
100110011110110
In base 2, what is -11011100 + 1011110100?
1000011000
In base 6, what is 3411202 - -1?
3411203
In base 8, what is -3 - -257751?
257746
In base 5, what is 241 + -1443?
-1202
In base 7, what is -662 + 162?
-500
In base 5, what is -1403 + -202321?
-204224
In base 15, what is 121453 + -1?
121452
In base 8, what is 537 + 2530?
3267
In base 11, what is -1054 + 27?
-1028
In base 4, what is 1231312 + 230?
1232202
In base 5, what is -2110 - 101311?
-103421
In base 10, what is -38120 - 3?
-38123
In base 4, what is 12130320 - 212?
12130102
In base 11, what is -64 + -99a?
-a53
In base 10, what is -38 + 20468?
20430
In base 5, what is -13021 - -10123?
-2343
In base 13, what is 3b + 78?
b6
In base 10, what is -120 - -69?
-51
In base 11, what is -5 - -172574?
17256a
In base 11, what is 41 + -687?
-646
In base 10, what is 15675 - -5?
15680
In base 15, what is -2 + b532?
b530
In base 8, what is -24377 + 14?
-24363
In base 16, what is 23623 + 4?
23627
In base 15, what is 2 - -2211?
2213
In base 14, what is 533 - -26?
559
In base 10, what is 397 + -231?
166
In base 2, what is 11100111001000 - 101?
11100111000011
In base 8, what is -7246 - -216?
-7030
In base 3, what is -11102021 - -102?
-11101212
In base 10, what is -207 - 459?
-666
In base 16, what is -f1e49 + 4?
-f1e45
In base 4, what is 1311113 - -31?
1311210
In base 4, what is 32311 - -1?
32312
In base 12, what is 2a06 + -30?
2996
In base 8, what is 2316133 - 1?
2316132
In base 8, what is -321661 - 2?
-321663
In base 13, what is -3 + -167a?
-1680
In base 5, what is -120 + 24014?
23344
In base 8, what is -2612641 + 2?
-2612637
In base 5, what is 4 + 403343?
403402
In base 9, what is 1008 - -2202?
3211
In base 14, what is -b00a + 0?
-b00a
In base 2, what is 111010 - -111101101100?
111110100110
In base 4, what is 2213300 + -3202?
2210032
In base 3, what is -1100 - -1000021?
221221
In base 10, what is -973 - 20?
-993
In base 4, what is -10 - 3112023021?
-3112023031
In base 6, what is 102222050 + 1?
102222051
In base 2, what is 100 + 100101011001100111?
100101011001101011
In base 6, what